{"id":27,"date":"2021-06-15T17:46:10","date_gmt":"2021-06-15T17:46:10","guid":{"rendered":"https:\/\/ejbypasningsordning.dk\/?page_id=27"},"modified":"2024-09-13T07:55:38","modified_gmt":"2024-09-13T07:55:38","slug":"lav-dit-website-ved-hjaelp-af-blokke","status":"publish","type":"page","link":"https:\/\/ejbypasningsordning.dk\/","title":{"rendered":"Hjem"},"content":{"rendered":"\n<p class=\"has-larger-font-size\"><\/p>\n\n\n\n<p class=\"has-white-color has-white-background-color has-text-color has-background has-small-font-size\">En privat pasningsordning for jer der v\u00e6gter \u00f8kologi, udeliv og tryghed.<\/p>\n\n\n\n<p class=\"has-white-color has-white-background-color has-text-color has-background has-link-color has-small-font-size wp-elements-c13ede3a83f837034cfd65a8b11c0a6c\"><mark fgid=\"58494\" style=\"background-color:rgba(0, 0, 0, 0)\" class=\"has-inline-color has-white-color\">privat dagpleje pasningsordning Ejby 4070 Kirke Hyllinge Camilla Camillas b\u00f8rnepasning privat dagpleje privat dagpleje <\/mark>Ejby 4070 privat dagpleje pasningsordning Ejby 4070 Kirke Hyllinge Camilla Camillas b\u00f8rnepasning privat dagpleje privat dagpleje Ejby 4070 Ejby B\u00f8rnehus  privat dagpleje pasningsordning Ejby 4070 Kirke Hyllinge Camilla Camillas b\u00f8rnepasning privat dagpleje privat dagpleje Ejby 4070 Ejby B\u00f8rnehus privat dagpleje pasningsordning Ejby 4070 Kirke Hyllinge Camilla Camillas b\u00f8rnepasning privat dagpleje privat dagpleje Ejby 4070 Ejby B\u00f8rnehus privat dagpleje pasningsordning Ejby 4070 Kirke Hyllinge Camilla Camillas b\u00f8rnepasning dagpleje dagpleje Ejby 4070 Ejby B\u00f8rnehus privat dagpleje pasningsordning Ejby 4070 Kirke Hyllinge Camilla Camillas b\u00f8rnepasning dagpleje dagpleje Ejby 4070 Ejby B\u00f8rnehus privat dagpleje pasningsordning Ejby 4070 Kirke Hyllinge Camilla Camillas b\u00f8rnepasning dagpleje dagpleje Ejby 4070 Ejby B\u00f8rnehus<\/p>\n\n\n\n<div class=\"wp-block-columns alignwide are-vertically-aligned-center is-style-twentytwentyone-columns-overlap is-layout-flex wp-container-core-columns-is-layout-9d6595d7 wp-block-columns-is-layout-flex\">\n<div class=\"wp-block-column is-vertically-aligned-center is-layout-flow wp-block-column-is-layout-flow\"><\/div>\n<\/div>\n\n\n\n<p><\/p>\n","protected":false},"excerpt":{"rendered":"<p>En privat pasningsordning for jer der v\u00e6gter \u00f8kologi, udeliv og tryghed. privat dagpleje pasningsordning Ejby 4070 Kirke Hyllinge Camilla Camillas &hellip; <a href=\"https:\/\/ejbypasningsordning.dk\/\" class=\"more-link\"><span class=\"more-button\">Continue Reading<span class=\"screen-reader-text\">Hjem<\/span><\/span><\/a><\/p>\n","protected":false},"author":1,"featured_media":0,"parent":0,"menu_order":0,"comment_status":"closed","ping_status":"closed","template":"","meta":{"footnotes":""},"class_list":["post-27","page","type-page","status-publish","hentry"],"_links":{"self":[{"href":"https:\/\/ejbypasningsordning.dk\/index.php\/wp-json\/wp\/v2\/pages\/27","targetHints":{"allow":["GET"]}}],"collection":[{"href":"https:\/\/ejbypasningsordning.dk\/index.php\/wp-json\/wp\/v2\/pages"}],"about":[{"href":"https:\/\/ejbypasningsordning.dk\/index.php\/wp-json\/wp\/v2\/types\/page"}],"author":[{"embeddable":true,"href":"https:\/\/ejbypasningsordning.dk\/index.php\/wp-json\/wp\/v2\/users\/1"}],"replies":[{"embeddable":true,"href":"https:\/\/ejbypasningsordning.dk\/index.php\/wp-json\/wp\/v2\/comments?post=27"}],"version-history":[{"count":20,"href":"https:\/\/ejbypasningsordning.dk\/index.php\/wp-json\/wp\/v2\/pages\/27\/revisions"}],"predecessor-version":[{"id":379,"href":"https:\/\/ejbypasningsordning.dk\/index.php\/wp-json\/wp\/v2\/pages\/27\/revisions\/379"}],"wp:attachment":[{"href":"https:\/\/ejbypasningsordning.dk\/index.php\/wp-json\/wp\/v2\/media?parent=27"}],"curies":[{"name":"wp","href":"https:\/\/api.w.org\/{rel}","templated":true}]}}