{"id":188,"date":"2021-07-13T17:39:55","date_gmt":"2021-07-13T17:39:55","guid":{"rendered":"https:\/\/ejbypasningsordning.dk\/?page_id=188"},"modified":"2022-06-30T07:22:45","modified_gmt":"2022-06-30T07:22:45","slug":"ved-sygdom","status":"publish","type":"page","link":"https:\/\/ejbypasningsordning.dk\/index.php\/ved-sygdom\/","title":{"rendered":"Ved sygdom"},"content":{"rendered":"\n<p>Her i min private pasningsordning kommer der ikke g\u00e6steb\u00f8rn. Omfanget af \u201dfremmede\u201d bakterier er derfor begr\u00e6nset i forhold til en kommunal dagpleje eller vuggestue. Det betyder, at s\u00e5vel dit barn som jeg vil have f\u00e6rre sygedage.<\/p>\n\n\n\n<p>Det er i den forbindelse vigtigt, at jeres barn er hjemme i tilstr\u00e6kkelig tid ved sygdom, s\u00e5 de andre b\u00f8rn i pasningsordningen ikke smittes. Det er ogs\u00e5 vigtigt, at barnet er frisk nok til at deltage i aktiviteterne i pasningsordningen.<\/p>\n\n\n\n<p>Hvert \u00e5r bliver jeg vaccineret mod influenza, for at holde antallet af sygedage p\u00e5 et absolut minimum.<\/p>\n","protected":false},"excerpt":{"rendered":"<p>Her i min private pasningsordning kommer der ikke g\u00e6steb\u00f8rn. Omfanget af \u201dfremmede\u201d bakterier er derfor begr\u00e6nset i forhold til en &hellip; <a href=\"https:\/\/ejbypasningsordning.dk\/index.php\/ved-sygdom\/\" class=\"more-link\"><span class=\"more-button\">Continue Reading<span class=\"screen-reader-text\">Ved sygdom<\/span><\/span><\/a><\/p>\n","protected":false},"author":1,"featured_media":0,"parent":0,"menu_order":0,"comment_status":"closed","ping_status":"closed","template":"","meta":{"footnotes":""},"class_list":["post-188","page","type-page","status-publish","hentry"],"_links":{"self":[{"href":"https:\/\/ejbypasningsordning.dk\/index.php\/wp-json\/wp\/v2\/pages\/188","targetHints":{"allow":["GET"]}}],"collection":[{"href":"https:\/\/ejbypasningsordning.dk\/index.php\/wp-json\/wp\/v2\/pages"}],"about":[{"href":"https:\/\/ejbypasningsordning.dk\/index.php\/wp-json\/wp\/v2\/types\/page"}],"author":[{"embeddable":true,"href":"https:\/\/ejbypasningsordning.dk\/index.php\/wp-json\/wp\/v2\/users\/1"}],"replies":[{"embeddable":true,"href":"https:\/\/ejbypasningsordning.dk\/index.php\/wp-json\/wp\/v2\/comments?post=188"}],"version-history":[{"count":2,"href":"https:\/\/ejbypasningsordning.dk\/index.php\/wp-json\/wp\/v2\/pages\/188\/revisions"}],"predecessor-version":[{"id":322,"href":"https:\/\/ejbypasningsordning.dk\/index.php\/wp-json\/wp\/v2\/pages\/188\/revisions\/322"}],"wp:attachment":[{"href":"https:\/\/ejbypasningsordning.dk\/index.php\/wp-json\/wp\/v2\/media?parent=188"}],"curies":[{"name":"wp","href":"https:\/\/api.w.org\/{rel}","templated":true}]}}